4560.
35
What is the remainder when 59349987 is divided by 589?
580
Calculate the remainder when 15720017 is divided by 5239955.
152
Calculate the remainder when 2496834 is divided by 114.
6
Calculate the remainder when 444619 is divided by 55572.
43
What is the remainder when 284072 is divided by 283962?
110
What is the remainder when 43327 is divided by 2531?
300
What is the remainder when 763159 is divided by 63596?
7
Calculate the remainder when 210714784 is divided by 2161.
2157
Calculate the remainder when 3866016 is divided by 2131.
382
Calculate the remainder when 38361 is divided by 37901.
460
What is the remainder when 113596 is divided by 56795?
6
What is the remainder when 11894 is divided by 2659?
1258
What is the remainder when 888205 is divided by 203?
80
What is the remainder when 458249 is divided by 1748?
273
Calculate the remainder when 236440433 is divided by 7435.
7433
Calculate the remainder when 231809 is divided by 76050.
3659
Calculate the remainder when 8835 is divided by 46.
3
Calculate the remainder when 311267 is divided by 155632.
3
Calculate the remainder when 952741 is divided by 213.
205
Calculate the remainder when 152275 is divided by 875.
25
What is the remainder when 4880311 is divided by 198?
7
What is the remainder when 339055 is divided by 67802?
45
Calculate the remainder when 11558940 is divided by 297.
294
Calculate the remainder when 7894603 is divided by 1578919.
8
Calculate the remainder when 733167 is divided by 37.
12
What is the remainder when 7108161 is divided by 3189?
3069
What is the remainder when 110806498 is divided by 3415?
3408
What is the remainder when 4689605 is divided by 1505?
25
Calculate the remainder when 84363 is divided by 79497.
4866
Calculate the remainder when 10762662 is divided by 22422.
102
What is the remainder when 589441 is divided by 7859?
16
What is the remainder when 58539652 is divided by 62?
58
What is the remainder when 161527 is divided by 40332?
199
What is the remainder when 19666998 is divided by 1597?
1540
What is the remainder when 100846 is divided by 32453?
3487
What is the remainder when 22352329 is divided by 27?
1
What is the remainder when 12642168 is divided by 75?
18
Calculate the remainder when 4359562 is divided by 571.
548
What is the remainder when 5063 is divided by 2529?
5
Calculate the remainder when 21424043 is divided by 892.
879
Calculate the remainder when 5342055 is divided by 53.
26
What is the remainder when 48043639 is divided by 227?
224
What is the remainder when 11044 is divided by 9830?
1214
Calculate the remainder when 320301 is divided by 728.
709
Calculate the remainder when 6213373 is divided by 5068.
5
Calculate the remainder when 157925 is divided by 313.
173
Calculate the remainder when 9167951 is divided by 3444.
23
What is the remainder when 303687 is divided by 7812?
6831
What is the remainder when 606309 is divided by 202058?
135
Calculate the remainder when 3662567 is divided by 150.
17
Calculate the remainder when 81422 is divided by 3249.
197
Calculate the remainder when 51613428 is divided by 238951.
12
Calculate the remainder when 209525 is divided by 268.
217
Calculate the remainder when 1098733 is divided by 4737.
4486
What is the remainder when 22423236 is divided by 129614?
14
Calculate the remainder when 36889 is divided by 205.
194
Calculate the remainder when 219527 is divided by 454.
245
What is the remainder when 374788 is divided by 9?
1
What is the remainder when 61344507 is divided by 1167?
1152
Calculate the remainder when 4312628 is divided by 57.
8
What is the remainder when 352493 is divided by 8197?
22
What is the remainder when 13792429 is divided by 24?
13
Calculate the remainder when 269492159 is divided by 6664.
6663
Calculate the remainder when 568928 is divided by 92.
0
What is the remainder when 8833238 is divided by 690?
548
What is the remainder when 76681712 is divided by 87?
86
Calculate the remainder when 53010846 is divided by 152769.
3
Calculate the remainder when 55727 is divided by 1761.
1136
What is the remainder when 38884 is divided by 349?
145
Calculate the remainder when 18272333 is divided by 4568080.
13
What is the remainder when 2011240 is divided by 195?
10
What is the remainder when 1587288 is divided by 7?
3
Calculate the remainder when 32761 is divided by 713.
676
Calculate the remainder when 33335496 is divided by 121.
117
What is the remainder when 128515562 is divided by 9?
8
Calculate the remainder when 119257 is divided by 3058.
3053
What is the remainder when 153623 is divided by 6137?
198
What is the remainder when 4175520 is divided by 695893?
162
What is the remainder when 569587 is divided by 1571?
885
What is the remainder when 764300 is divided by 167?
108
What is the remainder when 638104 is divided by 79727?
288
Calculate the remainder when 2865583 is divided by 191.
10
Calculate the remainder when 14896876 is divided by 355.
11
Calculate the remainder when 1959601 is divided by 567.
49
Calculate the remainder when 412032 is divided by 29430.
12
Calculate the remainder when 174964 is divided by 3737.
3062
What is the remainder when 16705 is divided by 808?
545
What is the remainder when 5610539 is divided by 535?
529
Calculate the remainder when 2323438 is divided by 236.
18
What is the remainder when 18855435 is divided by 9427716?
3
Calculate the remainder when 2714231 is divided by 542846.
1
Calculate the remainder when 7428825 is divided by 2476090.
555
What is the remainder when 2082110 is divided by 4257?
437
What is the remainder when 1859905 is divided by 570?
565
Calculate the remainder when 478410 is divided by 102.
30
Calculate the remainder when 6954 is divided by 4005.
2949
Calculate the remainder when 93856 is divided by 46861.
134
Calculate the remainder when 341844 is divided by 531.
411
What is the remainder when 489429 is divided by 60381?
6381
What is the remainder when 398595 is divided by 3946?
49
Calculate the remainder when 18338033 is divided by 1149.
1142
What is the remainder when 2379849 is divided by 594909?
213
Calculate the remainder when 930263 is divided by 2889.
5
What is the remainder when 15669707 is divided by 5223174?
185
What is the remainder when 14002467 is divided by 162?
159
What is the remainder when 10545697 is divided by 1235?
32
What is the remainder when 211506 is divided by 500?
6
Calculate the remainder when 708886 is divided by 70864.
246
What is the remainder when 1663038 is divided by 5052?
930
Calculate the remainder when 21921 is divided by 1288.
25
Calculate the remainder when 4751618 is divided by 886.
0
Calculate the remainder when 26112 is divided by 13051.
10
Calculate the remainder when 4137944 is divided by 4137931.
13
Calculate the remainder when 379745 is divided by 436.
425
Calculate the remainder when 24354 is divided by 1352.
18
What is the remainder when 712308 is divided by 59358?
12
Calculate the remainder when 8395 is divided by 492.
31
Calculate the remainder when 29505151 is divided by 653.
652
What is the remainder when 19891098 is divided by 14?
10
What is the remainder when 21642 is divided by 169?
10
Calculate the remainder when 461481480 is divided by 2589.
2586
Calculate the remainder when 2885326 is divided by 318.
112
What is the remainder when 155322 is divided by 155127?
195
Calculate the remainder when 392778 is divided by 476.
78
What is the remainder when 73399 is divided by 303?
73
What is the remainder when 13178597 is divided by 658929?
17
Calculate the remainder when 8033371 is divided by 113144.
147
Calculate the remainder when 526734 is divided by 1401.
1359
What is the remainder when 2456927 is divided by 21?
11
Calculate the remainder when 179171 is divided by 35804.
151
What is the remainder when 2045370 is divided by 638?
580
Calculate the remainder when 242399 is divided by 728.
703
What is the remainder when 344218 is divided by 9948?
5986
Calculate the remainder when 388174 is divided by 84.
10
Calculate the remainder when 3707479 is divided by 343.
335
What is the remainder when 202575 is divided by 2855?
2725
Calculate the remainder when 3454686 is divided by 2617.
246
Calculate the remainder when 113433 is divided by 16180.
173
Calculate the remainder 